remainder when 4929323 is divided by 37?
35
Calculate the remainder when 145664 is divided by 5885.
4424
Calculate the remainder when 4865769 is divided by 5232.
9
Calculate the remainder when 2118325 is divided by 151304.
69
Calculate the remainder when 526853 is divided by 7477.
3463
What is the remainder when 1824954 is divided by 184?
42
Calculate the remainder when 1331040 is divided by 913.
799
What is the remainder when 83132806 is divided by 88?
86
Calculate the remainder when 117032 is divided by 3797.
3122
Calculate the remainder when 2796144 is divided by 3851.
318
Calculate the remainder when 27911 is divided by 9028.
827
What is the remainder when 35836045 is divided by 21614?
33
Calculate the remainder when 942171 is divided by 69.
45
What is the remainder when 3365959 is divided by 2256?
7
Calculate the remainder when 2215510 is divided by 738500.
10
What is the remainder when 132467 is divided by 614?
457
What is the remainder when 262684 is divided by 52529?
39
What is the remainder when 1421043 is divided by 1111?
74
What is the remainder when 4080616 is divided by 4464?
520
What is the remainder when 66420 is divided by 62180?
4240
Calculate the remainder when 47857981 is divided by 2034.
2029
Calculate the remainder when 640472 is divided by 536.
488
Calculate the remainder when 8522832 is divided by 703.
363
Calculate the remainder when 89531 is divided by 1716.
299
What is the remainder when 3008117 is divided by 1002702?
11
Calculate the remainder when 24816315 is divided by 41.
40
Calculate the remainder when 2660402 is divided by 971.
833
What is the remainder when 2950480 is divided by 208?
0
Calculate the remainder when 2146944 is divided by 69247.
287
Calculate the remainder when 609826 is divided by 304841.
144
Calculate the remainder when 6882791 is divided by 21.
20
Calculate the remainder when 92497252 is divided by 286.
276
Calculate the remainder when 5411705 is divided by 5411472.
233
What is the remainder when 78407 is divided by 39151?
105
Calculate the remainder when 5406398 is divided by 64.
62
Calculate the remainder when 237825 is divided by 109.
96
Calculate the remainder when 61292 is divided by 8755.
7
What is the remainder when 5098 is divided by 420?
58
Calculate the remainder when 30520 is divided by 1545.
1165
Calculate the remainder when 1162069 is divided by 6247.
127
What is the remainder when 27320 is divided by 5457?
35
Calculate the remainder when 2404843 is divided by 109310.
23
Calculate the remainder when 2751363 is divided by 743.
34
Calculate the remainder when 3302185 is divided by 1313.
1303
Calculate the remainder when 3426236 is divided by 960.
956
Calculate the remainder when 156700468 is divided by 7198.
8
What is the remainder when 3082776 is divided by 1027586?
18
What is the remainder when 16653 is divided by 328?
253
Calculate the remainder when 80581 is divided by 5089.
4246
What is the remainder when 1462183 is divided by 731081?
21
What is the remainder when 232221 is divided by 77405?
6
What is the remainder when 5019986 is divided by 7943?
10
What is the remainder when 159684 is divided by 38321?
6400
What is the remainder when 414185 is divided by 51641?
1057
Calculate the remainder when 518079 is divided by 789.
495
Calculate the remainder when 378654 is divided by 2164.
2118
Calculate the remainder when 57643 is divided by 2746.
2723
Calculate the remainder when 63346 is divided by 1293.
1282
What is the remainder when 2294754 is divided by 256?
226
Calculate the remainder when 3541810 is divided by 2.
0
Calculate the remainder when 1180674 is divided by 5840.
994
What is the remainder when 17614618 is divided by 8416?
8346
Calculate the remainder when 8998898 is divided by 3244.
42
Calculate the remainder when 129759693 is divided by 1584.
1581
Calculate the remainder when 14003212 is divided by 509.
113
Calculate the remainder when 556670 is divided by 34.
22
What is the remainder when 64799682 is divided by 45?
42
What is the remainder when 4745822 is divided by 183?
83
Calculate the remainder when 75034639 is divided by 636.
631
What is the remainder when 1074450 is divided by 122?
118
What is the remainder when 57682 is divided by 17862?
4096
Calculate the remainder when 12249155 is divided by 5208.
5147
Calculate the remainder when 24670797 is divided by 1925.
1922
What is the remainder when 20914953 is divided by 6234?
6117
What is the remainder when 7486520 is divided by 404?
400
Calculate the remainder when 9868153 is divided by 1880.
33
Calculate the remainder when 31376034 is divided by 31376016.
18
Calculate the remainder when 269197 is divided by 21.
19
Calculate the remainder when 12782260 is divided by 1594.
1568
Calculate the remainder when 1522743 is divided by 855.
843
What is the remainder when 343505623 is divided by 1879?
1875
Calculate the remainder when 3452040 is divided by 998.
956
Calculate the remainder when 1648664 is divided by 549553.
5
What is the remainder when 10856 is divided by 1013?
726
What is the remainder when 23207229 is divided by 1058?
1057
Calculate the remainder when 7790444 is divided by 15186.
26
Calculate the remainder when 323921858 is divided by 11.
7
Calculate the remainder when 237775 is divided by 1127.
1105
Calculate the remainder when 1869469 is divided by 50.
19
Calculate the remainder when 12900901 is divided by 13124.
9
Calculate the remainder when 7268 is divided by 5077.
2191
Calculate the remainder when 18524634 is divided by 283.
20
Calculate the remainder when 3381160 is divided by 19768.
832
What is the remainder when 26554105 is divided by 5310821?
0
What is the remainder when 115257 is divided by 214?
125
What is the remainder when 245979 is divided by 512?
219
What is the remainder when 31479350 is divided by 4377?
4343
What is the remainder when 16054623 is divided by 116?
107
Calculate the remainder when 2264181 is divided by 2263605.
576
Calculate the remainder when 25446852 is divided by 483.
480
What is the remainder when 10488 is divided by 10431?
57
Calculate the remainder when 3470396 is divided by 32.
28
Calculate the remainder when 5476599 is divided by 96.
87
What is the remainder when 215390 is divided by 107673?
44
What is the remainder when 1700622 is divided by 34706?
28
Calculate the remainder when 3277966 is divided by 584.
558
What is the remainder when 88221 is divided by 2415?
1281
What is the remainder when 12776092 is divided by 185159?
121
What is the remainder when 60432765 is divided by 491?
485
What is the remainder when 9254912 is divided by 13938?
80
What is the remainder when 116523 is divided by 22947?
1788
What is the remainder when 14421 is divided by 74?
65
Calculate the remainder when 92130 is divided by 1181.
12
Calculate the remainder when 53086 is divided by 52951.
135
What is the remainder when 2796561 is divided by 349567?
25
Calculate the remainder when 208471 is divided by 52115.
11
What is the remainder when 147240491 is divided by 190?
181
What is the remainder when 1345770 is divided by 23607?
171
Calculate the remainder when 112779 is divided by 506.
447
What is the remainder when 738702 is divided by 1133?
1119
What is the remainder when 273808 is divided by 13038?
10
Calculate the remainder when 6524879 is divided by 844.
759
Calculate the remainder when 1588701 is divided by 16723.
16
What is the remainder when 111920 is divided by 55824?
272
Calculate the remainder when 34950 is divided by 34842.
108
Calculate the remainder when 1811052 is divided by 44.
12
Calculate the remainder when 308469 is divided by 38242.
2533
Calculate the remainder when 13114241 is divided by 2177.
2170
What is the remainder when 2445213 is divided by 815059?
36
Calculate the remainder when 1634856 is divided by 408710.
16
Calculate the remainder when 31393452 is divided by 6278689.
7
What is the remainder when 451173 is divided by 441?
30
Calculate the remainder when 1932220 is divided by 49.
3
What is the remainder when 313759071 is divided by 16?
15
Calculate the remainder when 1568847 is divided by 27048.
63
What is the remainder when 73574 is divided by 3159?
917
What is the remainder when 669022 is divided by 25?
22
What is the remainder when 2647920 is divided by 101